93
List the prime factors of 6581.
6581
What are the prime factors of 6146?
2, 7, 439
List the prime factors of 1332.
2, 3, 37
List the prime factors of 1314.
2, 3, 73
What are the prime factors of 271?
271
What are the prime factors of 1343?
17, 79
What are the prime factors of 10510?
2, 5, 1051
List the prime factors of 14301.
3, 7, 227
What are the prime factors of 124549?
59, 2111
List the prime factors of 20979.
3, 7, 37
What are the prime factors of 195?
3, 5, 13
What are the prime factors of 77872?
2, 31, 157
What are the prime factors of 2448?
2, 3, 17
List the prime factors of 13676.
2, 13, 263
What are the prime factors of 24095?
5, 61, 79
What are the prime factors of 84682?
2, 13, 3257
What are the prime factors of 97086?
2, 3, 11, 1471
List the prime factors of 9024.
2, 3, 47
What are the prime factors of 2075?
5, 83
List the prime factors of 36201.
3, 11, 1097
List the prime factors of 21231.
3, 7, 337
List the prime factors of 13503.
3, 7, 643
What are the prime factors of 22169?
7, 3167
What are the prime factors of 2289?
3, 7, 109
What are the prime factors of 10433?
10433
List the prime factors of 930.
2, 3, 5, 31
What are the prime factors of 44700?
2, 3, 5, 149
List the prime factors of 6900.
2, 3, 5, 23
List the prime factors of 9297.
3, 1033
List the prime factors of 5708.
2, 1427
What are the prime factors of 20127?
3, 6709
What are the prime factors of 202?
2, 101
List the prime factors of 6525.
3, 5, 29
What are the prime factors of 18860?
2, 5, 23, 41
What are the prime factors of 870?
2, 3, 5, 29
What are the prime factors of 3805?
5, 761
What are the prime factors of 24?
2, 3
What are the prime factors of 132732?
2, 3, 1229
What are the prime factors of 820?
2, 5, 41
What are the prime factors of 476?
2, 7, 17
List the prime factors of 139726.
2, 19, 3677
List the prime factors of 48861.
3, 61, 89
What are the prime factors of 25063?
71, 353
List the prime factors of 5067.
3, 563
What are the prime factors of 1038?
2, 3, 173
What are the prime factors of 9501?
3, 3167
List the prime factors of 523.
523
What are the prime factors of 1500?
2, 3, 5
List the prime factors of 39633.
3, 11, 1201
What are the prime factors of 3143?
7, 449
List the prime factors of 45084.
2, 3, 13, 17
List the prime factors of 1097.
1097
List the prime factors of 1154.
2, 577
List the prime factors of 5413.
5413
List the prime factors of 95576.
2, 13, 919
List the prime factors of 12064.
2, 13, 29
List the prime factors of 5339.
19, 281
What are the prime factors of 1844?
2, 461
List the prime factors of 4231.
4231
List the prime factors of 601.
601
List the prime factors of 83444.
2, 23, 907
List the prime factors of 3348.
2, 3, 31
What are the prime factors of 864?
2, 3
What are the prime factors of 1661?
11, 151
List the prime factors of 27842.
2, 13921
What are the prime factors of 1534?
2, 13, 59
List the prime factors of 838.
2, 419
What are the prime factors of 19576?
2, 2447
List the prime factors of 2239.
2239
List the prime factors of 9432.
2, 3, 131
List the prime factors of 3935.
5, 787
What are the prime factors of 3523?
13, 271
List the prime factors of 1419.
3, 11, 43
What are the prime factors of 779?
19, 41
What are the prime factors of 14578?
2, 37, 197
What are the prime factors of 6670?
2, 5, 23, 29
What are the prime factors of 2028?
2, 3, 13
What are the prime factors of 14520?
2, 3, 5, 11
What are the prime factors of 6637?
6637
List the prime factors of 9071.
47, 193
List the prime factors of 216.
2, 3
What are the prime factors of 13087?
23, 569
List the prime factors of 2028.
2, 3, 13
List the prime factors of 9481.
19, 499
What are the prime factors of 3626?
2, 7, 37
What are the prime factors of 128416?
2, 4013
List the prime factors of 4099.
4099
What are the prime factors of 160465?
5, 67, 479
What are the prime factors of 1882?
2, 941
List the prime factors of 1119.
3, 373
What are the prime factors of 8878?
2, 23, 193
List the prime factors of 24719.
19, 1301
What are the prime factors of 1276?
2, 11, 29
List the prime factors of 1198.
2, 599
What are the prime factors of 5976?
2, 3, 83
List the prime factors of 58.
2, 29
List the prime factors of 14264.
2, 1783
What are the prime factors of 73456?
2, 4591
List the prime factors of 2036.
2, 509
What are the prime factors of 37410?
2, 3, 5, 29, 43
List the prime factors of 8445.
3, 5, 563
List the prime factors of 2839.
17, 167
List the prime factors of 7055.
5, 17, 83
What are the prime factors of 65?
5, 13
List the prime factors of 1164.
2, 3, 97
List the prime factors of 50808.
2, 3, 29, 73
List the prime factors of 11544.
2, 3, 13, 37
List the prime factors of 17313.
3, 29, 199
List the prime factors of 40237.
40237
List the prime factors of 169431.
3, 56477
What are the prime factors of 701?
701
What are the prime factors of 896?
2, 7
List the prime factors of 13439.
89, 151
What are the prime factors of 340?
2, 5, 17
List the prime factors of 17992.
2, 13, 173
What are the prime factors of 11711?
7, 239
List the prime factors of 7959.
3, 7, 379
List the prime factors of 42856.
2, 11, 487
List the prime factors of 10608.
2, 3, 13, 17
List the prime factors of 21903.
3, 7, 149
List the prime factors of 6681.
3, 17, 131
List the prime factors of 1222.
2, 13, 47
What are the prime factors of 15340?
2, 5, 13, 59
List the prime factors of 9915.
3, 5, 661
List the prime factors of 85330.
2, 5, 7, 23, 53
List the prime factors of 4666.
2, 2333
List the prime factors of 34469.
34469
List the prime factors of 20615.
5, 7, 19, 31
What are the prime factors of 6202?
2, 7, 443
List the prime factors of 937.
937
List the prime factors of 69931.
69931
List the prime factors of 169.
13
What are the prime factors of 12822?
2, 3, 2137
List the prime factors of 6764.
2, 19, 89
List the prime factors of 1082.
2, 541
List the prime factors of 32.
2
What are the prime factors of 23249?
67, 347
What are the prime factors of 1506?
2, 3, 251
List the prime factors of 298.
2, 149
List the prime factors of 457.
457
List the prime factors of 261.
3, 29
What are the prime factors of 201?
3, 67
What are the prime factors of 26028?
2, 3, 241
List the prime factors of 6153.
3, 7, 293
List the prime factors of 8702.
2, 19, 229
What are the prime factors of 16434?
2, 3, 11, 83
What are the prime factors of 62746?
2, 137, 229
List the prime factors of 14890.
2, 5, 1489
What are the prime factors of 15143?
19, 797
List the prime factors of 52659.
3, 5851
List the prime factors of 3117.
3, 1039
What are the prime factors of 9240?
2, 3, 5, 7, 11
What are the prime factors of 29118?
2, 3, 23, 211
What are the prime factors of 8248?
2, 1031
What are the prime factors of 334?
2, 167
What are the prime factors of 6418?
2, 3209
List the prime factors of 9663.
3, 3221
What are the prime factors of 4780?
2, 5, 239
What are the prime factors of 13765?
5, 2753
List the prime factors of 55753.
127, 439
What are the prime factors of 953?
953
What are the prime factors of 3132?
2, 3, 29
What are the prime factors of 109265?
5, 13, 41
List the prime factors of 3417.
3, 17, 67
What are the prime factors of 9487?
53, 179
List the prime factors of 89444.
2, 59, 379
What are the prime factors of 3233?
53, 61
List the prime factors of 18795.
3, 5, 7, 179
What are the prime factors of 526?
2, 263
List the prime factors of 39652.
2, 23, 431
What are the prime factors of 3691?
3691
What are the prime factors of 388?
2, 97
What are the prime factors of 1183?
7, 13
List the prime factors of 9363.
3, 3121
List the prime factors of 2814.
2, 3, 7, 67
List the prime factors of 2086.
2, 7, 149
What are the prime factors of 2692?
2, 673
List the prime factors of 171.
3, 19
What are the prime factors of 12471?
3, 4157
What are the prime factors of 1405?
5, 281
List the prime factors of 591.
3, 197
What are the prime factors of 14822?
2, 7411
List the prime factors of 29017.
29017
What are the prime factors of 86336?
2, 19, 71
What are the prime factors of 5947?
19, 313
What are the prime factors of 265?
5, 53
What are the prime factors of 668?
2, 167
What are the prime factors of 323?
17, 19
List the prime factors of 41722.
2, 23, 907
What are the prime factors of 718?
2, 359
What are the prime factors of 3379?
31, 